nd 7?
7
Calculate the highest common divisor of 380 and 665.
95
What is the greatest common factor of 65 and 130?
65
Calculate the highest common divisor of 6165 and 90.
45
Calculate the greatest common divisor of 874 and 23.
23
What is the highest common factor of 338 and 38?
2
What is the greatest common factor of 4963 and 14?
7
What is the greatest common factor of 99 and 5247?
99
What is the greatest common divisor of 24 and 264?
24
Calculate the highest common factor of 10 and 55.
5
Calculate the greatest common divisor of 12 and 16884.
12
Calculate the highest common divisor of 1760 and 240.
80
What is the highest common factor of 207 and 4485?
69
What is the highest common factor of 58 and 11542?
58
Calculate the highest common factor of 21 and 56.
7
Calculate the highest common divisor of 8 and 232.
8
Calculate the highest common factor of 6876 and 18.
18
Calculate the greatest common divisor of 25 and 175.
25
What is the highest common factor of 140 and 380?
20
Calculate the greatest common factor of 44 and 2948.
44
Calculate the highest common divisor of 2641 and 38.
19
What is the highest common divisor of 32 and 28?
4
Calculate the highest common factor of 72 and 192.
24
Calculate the greatest common divisor of 23 and 1.
1
What is the greatest common factor of 240 and 576?
48
Calculate the highest common factor of 9728 and 76.
76
Calculate the highest common divisor of 38 and 14.
2
What is the greatest common factor of 82 and 533?
41
What is the greatest common divisor of 140 and 910?
70
Calculate the greatest common divisor of 294 and 12.
6
What is the greatest common factor of 584 and 22484?
292
What is the greatest common divisor of 40 and 216?
8
Calculate the highest common divisor of 289 and 5542.
17
What is the greatest common factor of 45 and 240?
15
Calculate the highest common factor of 15 and 1185.
15
What is the highest common divisor of 214 and 2?
2
Calculate the greatest common divisor of 10471 and 3396.
283
Calculate the highest common factor of 2 and 4.
2
Calculate the highest common factor of 221 and 65.
13
Calculate the highest common divisor of 488 and 1342.
122
What is the greatest common factor of 792 and 693?
99
What is the greatest common factor of 2142 and 136?
34
Calculate the greatest common factor of 2958 and 816.
102
What is the greatest common factor of 382 and 2?
2
What is the highest common divisor of 75 and 3?
3
Calculate the highest common divisor of 448 and 56.
56
What is the greatest common divisor of 4907 and 28?
7
Calculate the greatest common factor of 25 and 5.
5
What is the greatest common divisor of 21 and 48?
3
What is the highest common divisor of 72 and 666?
18
What is the highest common factor of 1102 and 58?
58
Calculate the greatest common factor of 440 and 165.
55
Calculate the highest common divisor of 2660 and 70.
70
What is the greatest common factor of 1141 and 119?
7
What is the greatest common divisor of 3 and 141?
3
Calculate the highest common divisor of 51 and 493.
17
What is the greatest common divisor of 50 and 800?
50
Calculate the greatest common factor of 497 and 203.
7
What is the greatest common divisor of 644 and 343?
7
Calculate the highest common divisor of 64 and 296.
8
Calculate the highest common factor of 135 and 27.
27
What is the highest common divisor of 1357 and 118?
59
What is the highest common factor of 1056 and 1782?
66
What is the highest common factor of 594 and 27?
27
What is the highest common divisor of 93 and 17949?
93
What is the greatest common divisor of 61 and 244?
61
What is the greatest common divisor of 19 and 57?
19
Calculate the greatest common divisor of 18 and 162.
18
Calculate the greatest common factor of 8 and 56.
8
What is the highest common divisor of 14192 and 32?
16
Calculate the highest common factor of 36 and 21852.
36
Calculate the greatest common factor of 111 and 2294.
37
What is the highest common divisor of 30 and 1010?
10
Calculate the greatest common factor of 74 and 259.
37
What is the highest common divisor of 130 and 30?
10
What is the greatest common divisor of 316 and 37762?
158
What is the greatest common divisor of 32 and 7792?
16
Calculate the highest common divisor of 3692 and 338.
26
What is the greatest common divisor of 6 and 96?
6
What is the greatest common divisor of 2378 and 164?
82
What is the greatest common divisor of 12 and 162?
6
Calculate the greatest common divisor of 36 and 6426.
18
What is the highest common divisor of 28 and 1120?
28
Calculate the highest common divisor of 1725 and 150.
75
What is the highest common divisor of 42 and 798?
42
What is the highest common factor of 420 and 165?
15
Calculate the greatest common factor of 60 and 476.
4
Calculate the greatest common factor of 610 and 244.
122
What is the greatest common factor of 50 and 80?
10
What is the greatest common divisor of 7857 and 194?
97
What is the highest common factor of 126 and 6510?
42
What is the highest common divisor of 200 and 75?
25
Calculate the greatest common factor of 154 and 9240.
154
Calculate the greatest common factor of 486 and 72.
18
What is the greatest common divisor of 165 and 22?
11
What is the greatest common divisor of 280 and 616?
56
What is the highest common factor of 2449 and 93?
31
What is the greatest common divisor of 12 and 888?
12
Calculate the greatest common divisor of 2146 and 1102.
58
Calculate the greatest common divisor of 1498 and 1134.
14
Calculate the highest common factor of 9604 and 28.
28
What is the highest common divisor of 177 and 413?
59
Calculate the greatest common divisor of 3 and 246.
3
What is the greatest common factor of 3059 and 6251?
133
Calculate the greatest common factor of 660 and 180.
60
What is the greatest common divisor of 40 and 25?
5
Calculate the greatest common factor of 8323 and 406.
203
Calculate the highest common divisor of 36 and 2547.
9
What is the greatest common divisor of 10 and 101?
1
What is the greatest common factor of 268 and 4?
4
What is the greatest common factor of 2014 and 212?
106
Calculate the greatest common divisor of 1625 and 8775.
325
What is the greatest common factor of 74 and 66489?
37
What is the highest common divisor of 7 and 14?
7
What is the greatest common factor of 132 and 12?
12
What is the greatest common factor of 32 and 4?
4
What is the greatest common factor of 20 and 46660?
20
What is the highest common factor of 33 and 957?
33
What is the greatest common divisor of 37 and 8?
1
Calculate the greatest common divisor of 13566 and 532.
266
What is the highest common factor of 198 and 264?
66
Calculate the greatest common factor of 144 and 189.
9
Calculate the greatest common factor of 204 and 32028.
204
Calculate the highest common divisor of 34 and 46.
2
What is the greatest common factor of 1792 and 28?
28
Calculate the greatest common factor of 143 and 3509.
11
What is the greatest common divisor of 60040 and 10?
10
What is the highest common factor of 72 and 15636?
12
Calculate the greatest common divisor of 90 and 7740.
90
Calculate the greatest common factor of 88 and 1199.
11
Calculate the greatest common factor of 4 and 3.
1
Calculate the highest common factor of 63 and 81.
9
What is the highest common factor of 703 and 3?
1
What is the highest common divisor of 24 and 1794?
6
What is the greatest common factor of 40 and 40?
40
Calculate the greatest common divisor of 6063 and 258.
129
What is the highest common factor of 48 and 5496?
24
Calculate the greatest common factor of 70 and 770.
70
Calculate the highest common divisor of 48 and 544.
16
Calculate the highest common factor of 155 and 21235.
155
Calculate the highest common divisor of 234 and 1755.
117
What is the greatest common factor of 660 and 770?
110
What is the greatest common factor of 13914 and 27?
9
What is the greatest common factor of 3710 and 490?
70
Calculate the greatest common factor of 486 and 36.
18
Calculate the highest common factor of 99 and 2101.
11
What is the highest common factor of 68 and 2312?
68
Calculate the highest common factor of 1602 and 342.
18
What is the greatest common divisor of 370 and 9398?
74
What is the highest common divisor of 403 and 13?
13
Calculate the highest common divisor of 8 and 43016.
8
What is the